**3 - 7*d**2 - 2*d + 14. Calculate the remainder when h(-7) is divided by 15.
13
Let b(y) = -6*y + 2. Suppose 0 = 3*h - 5*h + 28. Calculate the remainder when h is divided by b(-1).
6
Suppose -58 = -3*a - 2*t, -2*a = -0*a - 2*t - 42. Let n = 6 - 4. Let b = 5 + n. Calculate the remainder when a is divided by b.
6
Let b(m) = 6*m**2 - 2*m + 2. Let z be b(2). Let k = z - 14. What is the remainder when (-50)/(-4) - (-2)/4 is divided by k?
5
Let m = 66 + 23. Calculate the remainder when m is divided by 7.
5
Calculate the remainder when (98/28)/((-2)/(-36)) is divided by 14.
7
Let c(z) = z**2 - 19*z + 25. What is the remainder when 74 is divided by c(19)?
24
Let z(a) = -10*a - 5. Let i(w) = 9*w + 4. Let y be (-2)/(-3)*(-10 + 1). Let d(h) = y*i(h) - 5*z(h). Calculate the remainder when 14 is divided by d(-1).
4
Let l = 30 - 18. Calculate the remainder when 24 - (-3)/(6/(-4)) is divided by l.
10
Let o be -2 - (0 + 8/(-4)). Calculate the remainder when 38 is divided by (-1 - o - -14) + 1.
10
Let p be (-1)/(((-12)/9)/4). Let h be (-12)/(-54) - (-2)/(-9). Let t = p - h. What is the remainder when 5 is divided by t?
2
Let j be 4/(-12) - 22/(-3). Let h(d) = -d**2 + 7*d + 3. Let a be h(j). Suppose -4*q + 6 = -a*q. Calculate the remainder when 9 is divided by q.
3
Let o be (1*3)/(3/4). Suppose 8*i = -36 + 124. Calculate the remainder when (o/6)/(1/30) is divided by i.
9
Suppose 5*q - 4*m = -0*m - 16, -5*q - 5*m + 20 = 0. Suppose 3*j + 5*v - 85 = q, -v = -j + v + 32. What is the remainder when j is divided by 8?
6
Let g = 104 - 40. Let a = g + -11. Calculate the remainder when a is divided by 1*-1*2*-9.
17
Let w(r) = -r + 11. Let a(d) = 2*d - 15. Calculate the remainder when a(10) is divided by w(8).
2
Let x(k) = k**3 + 7*k**2 + 7*k + 4. Calculate the remainder when 56 is divided by x(-5).
18
Let b = 11 - 6. Let a(g) = -g**2 - 9*g - 9. Suppose 3*s + 3*n + 9 = 2*s, 5 = -5*n. What is the remainder when a(s) is divided by b?
4
Let j(k) = -k**2 + k + 10. Calculate the remainder when 27 is divided by j(0).
7
Suppose -4 + 0 = -r. Suppose -t = 2*g - 23, 64 = r*t + g - 0*g. Calculate the remainder when 50/(-4)*(-12)/t is divided by 6.
4
Let o(k) = 2*k + 16. Suppose 0 = -3*g + 126 - 39. What is the remainder when g is divided by o(-4)?
5
Let y = 3 - 3. Calculate the remainder when ((-8)/(-10))/(2/25) is divided by (y + -3)/3 - -5.
2
Let p = -39 + 63. What is the remainder when 68 is divided by p?
20
Let r(h) = -h + 4. Let z(x) = 15*x - 55. Let i(d) = 55*r(d) + 4*z(d). Calculate the remainder when i(6) is divided by 78/10 + (-1)/(-5).
6
Let x(m) = m - 1. Let k be x(3). Suppose 7*p = k*p + 220. Suppose z = -z + p. What is the remainder when 64 is divided by z?
20
Let w = 53 - 17. What is the remainder when w is divided by 19?
17
Let g(r) = 3*r**2 - r - 1. What is the remainder when g(-3) is divided by 8?
5
Let c(y) be the first derivative of -y**4/4 - 4*y**3/3 - y**2 - 4*y + 2. What is the remainder when 6 is divided by c(-4)?
2
Let o(x) = -31*x**3 + 3*x**2 + 4*x + 1. Let w = -27 - -44. What is the remainder when o(-1) is divided by w?
14
Let x = 142 - 83. Suppose k = -3*k + 60. Calculate the remainder when x is divided by k.
14
Calculate the remainder when 0/3 - -4 - -57 is divided by 16.
13
Suppose -4*n + 151 = 55. What is the remainder when 69 is divided by n?
21
Let c = -2 + 23. Suppose -8 = -3*w + 5*h, 2*h + 3 = -w + 2*w. Calculate the remainder when ((-246)/2)/(-3)*w is divided by c.
20
Let i = 38 + -27. Let w = 24 - 3. What is the remainder when w is divided by i?
10
Suppose -3*n = -b + n + 12, 0 = 2*b - n - 31. What is the remainder when b is divided by 6?
4
Let o = -30 - -44. Suppose -s + o = -1. Calculate the remainder when 44 is divided by s.
14
Let i be (-10)/4*24/(-10). Suppose y + 24 = 2*y. What is the remainder when (57/i - -2)*4 is divided by y?
22
Let u(t) = t**2 - 7*t + 5. Let c be u(7). Suppose -115 = -c*s + 25. Let n(d) = -2*d + 4. What is the remainder when s is divided by n(-3)?
8
Let j(m) = 3*m**2 + 46*m - 12. What is the remainder when j(-16) is divided by 7?
6
Let y = 40 - -49. Calculate the remainder when y is divided by 18.
17
Let q be (-123)/12 - (-4)/16. Let m be 6/((-5)/(q/4)). Let d = m - -1. What is the remainder when 13 is divided by d?
1
Suppose -3*y + 14 = -5*m, 0 = 3*y + 4*m - 2*m - 7. Let l = 5 - y. Suppose 22 = 2*o - 4*k, 2*o + 0 = -5*k - 23. Calculate the remainder when l is divided by o.
0
Suppose -5 = -f, -w - 5*f + 27 = -0*f. Suppose -g + w*g - 8 = 0. Suppose -2*z + 62 = -0*z. What is the remainder when z is divided by g?
7
Suppose -53 = 2*x - 95. Calculate the remainder when 61 is divided by x.
19
Let d(y) = y**3 - 3*y**2 + y - 2. Let p = 3 + 0. Let t(a) = -a**3 + 4*a**2 + 1. What is the remainder when d(4) is divided by t(p)?
8
Suppose r + 0*r = 4*g - 508, 635 = 5*g + 2*r. What is the remainder when g is divided by 43?
41
Let u(b) = -b**3 - 4*b**2 - b + 7. Calculate the remainder when 20 is divided by u(-4).
9
Suppose p = -2*p + 12. Calculate the remainder when 11 is divided by p.
3
Let y(l) = l**2 - 5*l. Let a be y(5). Suppose -v = -a*v - 4. Calculate the remainder when v is divided by 9/6 - 1/(-2).
0
Suppose 0*r + 5*r - 35 = 0. What is the remainder when 10 is divided by r?
3
Let p be ((-6)/(-4))/((-6)/(-8)). Let v(i) = -p*i - 4 - 3*i + 2*i. What is the remainder when 14 is divided by v(-4)?
6
Let f(x) = -10*x - 12. Let j be f(-10). Suppose 5*c - d - 94 = 0, 5*c - j = c + 4*d. What is the remainder when c is divided by 5?
3
Let r = 153 - 81. Calculate the remainder when r is divided by 25.
22
Suppose -2*c = -2*l - 66, 3*c + 15 - 124 = 5*l. Calculate the remainder when 137 is divided by c.
25
Suppose 4*m = 4*o - 20, -10 = o - 4*o + 2*m. Suppose o = -5*j + 14 + 11. What is the remainder when 9 is divided by j?
4
Let r = -35 - -19. Suppose 3*o - 15 = 0, -5*t - o = -3*o + 25. What is the remainder when 3 - r/(4 + t) is divided by 5?
4
Calculate the remainder when 61 is divided by (-8)/(-3)*12/2.
13
Let q(f) = 5*f + 22. Let v be q(-7). Let x = v + 15. Calculate the remainder when x is divided by 2.
0
Let o = 38 + -16. What is the remainder when 42 is divided by o?
20
Let w = -4 + 7. Suppose f = w*f - 8. What is the remainder when 15 is divided by f?
3
Let h = 25 + -19. Suppose -19 = -f + h. Suppose -3*a - 2*u + 0 = -29, -3*a = 3*u - 30. What is the remainder when f is divided by a?
7
Let m(g) = -3*g + 8. Let p(z) = -z**2 + 2*z - 1. Let u be p(-2). Calculate the remainder when m(u) is divided by 9.
8
Let l be (2 - -1)/((-9)/(-6)). Suppose a + l*a = -12. What is the remainder when 64 is divided by ((-4)/(-6))/(a/(-132))?
20
Let r = 21 - 21. What is the remainder when 25 is divided by (-13)/((r + -1)/1)?
12
Let l = -5 + 5. Suppose l = -5*x + 2*g + 129, 3*x - 46 = -3*g + 23. Calculate the remainder when x is divided by 13.
12
Let q = -7 + 11. What is the remainder when 7 is divided by q?
3
Suppose -4*t + 72 = -0*t. Suppose -d + 8 = -2*h - 10, 2*h + 58 = 5*d. Calculate the remainder when t is divided by d.
8
Suppose -20 = -3*g + g. Let p = g - -1. Calculate the remainder when 43 is divided by p.
10
Suppose 0 = -0*x + x - 29. What is the remainder when 56 is divided by x?
27
Let p = 3 - 0. Suppose -p*x - 3*q + 19 = x, 2*x = q + 17. What is the remainder when 13 is divided by x?
6
Let i(o) = -5*o. Let c be i(-1). Suppose 0 = -a + c*s + 9 + 14, 5*s + 95 = 5*a. Calculate the remainder when ((-2 - 0) + 1)*-52 is divided by a.
16
Calculate the remainder when 17 is divided by (7 - 6)/(1/10*1).
7
Suppose -s - 4 - 1 = -2*l, -5*l + 2*s = -11. Let f(m) = 4*m**3 + 2*m**2 - 3*m + 1. Let x = -8 - -13. What is the remainder when x is divided by f(l)?
1
What is the remainder when 77 + 3 + 5 + -3 is divided by 17?
14
Suppose -6*j = -47 - 61. What is the remainder when 88 is divided by j?
16
Suppose 3*l + 2*l = 5*h - 145, 2*l - 74 = -2*h. Calculate the remainder when h is divided by 0 - (2 + -2) - -17.
16
Let a = 1 - 1. Suppose q + 4*q + 90 = 4*m, -m + 4*q + 28 = a. What is the remainder when m is divided by 5 - (0 - (2 - 0))?
6
Suppose 82*z + 105 = 85*z. Let k = 362 + -225. Calculate the remainder when k is divided by z.
32
Suppose -4*t - 5*j = -3*t - 30, 4*j = 20. Suppose 1 = k + t, -26 = -p + 5*k. What is the remainder when 17 is divided by p?
5